 333702?
0
What is the hundred thousands digit of 536140?
5
What is the ten thousands digit of 13176608?
7
What is the thousands digit of 3408060?
8
What is the units digit of 117588?
8
What is the hundred thousands digit of 10741186?
7
What is the hundred thousands digit of 1736065?
7
What is the units digit of 326598?
8
What is the ten thousands digit of 174151?
7
What is the millions digit of 4062691?
4
What is the hundreds digit of 24989951?
9
What is the ten millions digit of 11586587?
1
What is the thousands digit of 2176895?
6
What is the hundreds digit of 16210543?
5
What is the ten thousands digit of 129469?
2
What is the units digit of 9585385?
5
What is the thousands digit of 26094471?
4
What is the ten thousands digit of 5466680?
6
What is the units digit of 798298?
8
What is the hundred thousands digit of 523294?
5
What is the thousands digit of 1129052?
9
What is the thousands digit of 2402881?
2
What is the thousands digit of 312673?
2
What is the hundred thousands digit of 6350344?
3
What is the millions digit of 1339342?
1
What is the millions digit of 2038505?
2
What is the ten thousands digit of 228467?
2
What is the thousands digit of 19082089?
2
What is the tens digit of 65725?
2
What is the ten thousands digit of 862529?
6
What is the units digit of 4984525?
5
What is the ten thousands digit of 277560?
7
What is the ten thousands digit of 15268373?
6
What is the hundreds digit of 829419?
4
What is the hundreds digit of 11535827?
8
What is the ten thousands digit of 3424614?
2
What is the ten thousands digit of 1459851?
5
What is the ten thousands digit of 138124?
3
What is the thousands digit of 607124?
7
What is the tens digit of 522172?
7
What is the hundreds digit of 261065?
0
What is the units digit of 3936978?
8
What is the hundreds digit of 574097?
0
What is the ten millions digit of 21848882?
2
What is the hundreds digit of 7656834?
8
What is the thousands digit of 1072846?
2
What is the tens digit of 8711?
1
What is the millions digit of 7441256?
7
What is the ten thousands digit of 16310147?
1
What is the units digit of 186205?
5
What is the thousands digit of 8603215?
3
What is the hundred thousands digit of 1800216?
8
What is the tens digit of 217345?
4
What is the hundreds digit of 7791703?
7
What is the thousands digit of 151354?
1
What is the tens digit of 3995518?
1
What is the hundred thousands digit of 699525?
6
What is the tens digit of 11367632?
3
What is the ten thousands digit of 350733?
5
What is the tens digit of 244414?
1
What is the tens digit of 58795?
9
What is the hundreds digit of 518394?
3
What is the thousands digit of 1992384?
2
What is the ten thousands digit of 4863328?
6
What is the thousands digit of 4650138?
0
What is the thousands digit of 3039934?
9
What is the ten millions digit of 10033841?
1
What is the hundred thousands digit of 162725?
1
What is the ten thousands digit of 259552?
5
What is the units digit of 1762421?
1
What is the hundred thousands digit of 181819?
1
What is the ten thousands digit of 689357?
8
What is the ten thousands digit of 23192965?
9
What is the hundred thousands digit of 841460?
8
What is the hundreds digit of 2042989?
9
What is the tens digit of 11397615?
1
What is the tens digit of 1697397?
9
What is the units digit of 1434090?
0
What is the ten thousands digit of 35851906?
5
What is the ten millions digit of 25875295?
2
What is the hundreds digit of 691659?
6
What is the hundreds digit of 2783311?
3
What is the hundred thousands digit of 9490674?
4
What is the hundreds digit of 973869?
8
What is the thousands digit of 126766?
6
What is the ten thousands digit of 676214?
7
What is the thousands digit of 301490?
1
What is the millions digit of 21970207?
1
What is the ten thousands digit of 591772?
9
What is the hundreds digit of 3707669?
6
What is the thousands digit of 289482?
9
What is the ten millions digit of 36452216?
3
What is the ten thousands digit of 14155358?
5
What is the tens digit of 223484?
8
What is the thousands digit of 2069994?
9
What is the hundred thousands digit of 404623?
4
What is the ten thousands digit of 28491?
2
What is the thousands digit of 3715483?
5
What is the thousands digit of 49500?
9
What is the hundreds digit of 983119?
1
What is the units digit of 1011424?
4
What is the hundreds digit of 1119665?
6
What is the units digit of 13023430?
0
What is the hundreds digit of 1547496?
4
What is the hundred thousands digit of 115933?
1
What is the ten thousands digit of 922849?
2
What is the tens digit of 25700439?
3
What is the hundreds digit of 146964?
9
What is the thousands digit of 5109008?
9
What is the millions digit of 15527629?
5
What is the thousands digit of 17245?
7
What is the thousands digit of 2376642?
6
What is the thousands digit of 146995?
6
What is the ten thousands digit of 4341016?
4
What is the units digit of 5987968?
8
What is the tens digit of 522?
2
What is the ten thousands digit of 998059?
9
What is the tens digit of 45798?
9
What is the thousands digit of 652594?
2
What is the units digit of 2154524?
4
What is the tens digit of 2071006?
0
What is the hundreds digit of 2804517?
5
What is the thousands digit of 6731802?
1
What is the units digit of 21719282?
2
What is the thousands digit of 1754132?
4
What is the ten millions digit of 29538900?
2
What is the thousands digit of 1138519?
8
What is the units digit of 310131?
1
What is the ten thousands digit of 5507753?
0
What is the thousands digit of 1101461?
1
What is the units digit of 1187274?
4
What is the hundreds digit of 73144?
1
What is the units digit of 280850?
0
What is the ten thousands digit of 613312?
1
What is the ten thousands digit of 589735?
8
What is the units digit of 226206?
6
What is the tens digit of 9894692?
9
What is the tens digit of 114305?
0
What is the thousands digit of 463336?
3
What is the hundreds digit of 957199?
1
What is the ten thousands digit of 16396771?
9
What is the tens digit of 137081?
8
What is the thousands digit of 2944536?
4
What is the tens digit of 12503173?
7
What is the thousands digit of 3840532?
0
What is the units digit of 3835810?
0
What is the hundreds digit of 256644?
6
What is the thousands digit of 2168372?
8
What is the hundreds digit of 571290?
2
What is the hundreds digit of 91191?
1
What is the tens digit of 1499171?
7
What is the ten thousands digit of 15051951?
5
What is the ten thousands digit of 424651?
2
What is the hundreds digit of 96318?
3
What is the thousands digit of 366157?
6
What is the thousands digit of 354456?
4
What is the units digit of 484292?
2
What is the ten thousands digit of 7521307?
2
What is the tens digit of 882184?
8
What is the units digit of 92637?
7
What is the ten thousands digit of 410971?
1
What is the units digit of 717974?
4
What is the ten thousands digit of 556473?
5
What is the ten thousands digit of 455372?
5
What is the ten millions digit of 40274925?
4
What is the hundred thousands digit of 5362898?
3
What is the ten thousands digit of 800106?
0
What is the units digit of 4774741?
1
What is the tens digit of 493040?
4
What is the tens digit of 78806?
0
What is the millions digit of 1167104?
1
What is the ten thousands digit of 7725387?
2
What is the thousands digit of 1431632?
1
What is the ten millions digit of 12896928?
1
What is the hundreds digit of 106425?
4
What is the hundreds digit of 554902?
9
What is the hundreds digit of 3559527?
5
What is the millions digit of 15982262?
5
What is the ten thousands digit of 17983372?
8
What is the millions digit of 15270401?
5
What is the hundred thousands digit of 865037?
8
What is the hundred thousands digit of 102997?
1
What is the units digit of 928095?
5
What is the units digit of 285767?
7
What is the hundred thousands digit of 925036?
9
What is the ten thousands digit of 4304755?
0
What is the hundreds digit of 2261170?
1
What is the thousands digit of 363414?
3
What is the hundreds digit of 20654487?
4
What is the tens digit of 54176?
7
What is the thousands digit of 2063063?
3
What is the thousands digit of 11436731?
6
What is the tens digit of 321281?
8
What is the hundreds digit of 15541357?
3
What is the thousands digit of 317495?
7
What is the ten thousands digit of 591379?
9
What is the